**3 - 6*p**2 - p - 29. Is o(-9) prime?
True
Suppose 0 = 3*c - 0*u + 2*u - 66623, -2*c = 4*u - 44426. Is c a prime number?
False
Let c be (23 + -22)/(1/263). Let n be c + 5 + 0/1. Suppose n = 10*u - 6*u. Is u a composite number?
False
Suppose 2*v = 3*v - 2940. Suppose -5*d - 5924 + 20598 = -s, d - v = -5*s. Is d a prime number?
False
Suppose 4*s - 30068 = -2*y - y, 0 = 4*s + 5*y - 30076. Suppose -l + 4*d = -2507, 3*l - 8*d - s = -3*d. Is l a prime number?
True
Let f be (9/(-2))/(-9)*4. Suppose 0 = -4*k + f*k. Suppose k*r - 1685 = -5*r. Is r a composite number?
False
Suppose 0 = -4*s - 2*s + 2310. Suppose 0 = -p - a + s + 614, -1978 = -2*p + 3*a. Is p composite?
True
Let l = 2135 + 2365. Suppose -8*z + l = 1340. Is z composite?
True
Let r(f) be the first derivative of -11*f**7/280 - f**6/360 + f**5/60 + f**4/8 + 11*f**3/3 + 5. Let g(n) be the third derivative of r(n). Is g(-2) composite?
True
Is ((-3)/9)/(-1*7/1324449) prime?
False
Suppose -1 = 5*f + 4. Is (554 + f)*1/1 composite?
True
Let g(h) = 9*h + 239. Let f(v) = -3*v - 80. Let u(i) = 8*f(i) + 3*g(i). Let a(j) = -j**2 + 3*j - 2. Let p be a(2). Is u(p) prime?
False
Let a(j) = -69*j - 4. Let z be (-1)/3*3 + -2. Is a(z) a composite number?
True
Suppose 0 = -111*j + 6042888 - 1072641. Is j composite?
False
Suppose 22*r - 29*r = -16849. Is r a composite number?
True
Let j(o) = 326*o - 1. Let t be j(1). Let r = -178 - -369. Let g = t - r. Is g composite?
True
Suppose 2*h + 3*h - 7515 = -5*m, 5*h - m = 7503. Is h prime?
False
Let d = 10114 + 150. Suppose 11*a - 3*a - d = 0. Is a a composite number?
False
Suppose 2*r - 2*s - s + 12 = 0, 2*r - 2*s = -8. Suppose r = -0*g + 3*g - 15. Suppose -x = -g*k - 0*k + 35, -4*k + 28 = -x. Is k composite?
False
Suppose -6*d + 198 = 3*d. Let c = 33 + d. Is c composite?
True
Is ((-22997)/3 + -2)*(3 - 6) composite?
False
Let n = -29 + 40. Is (-1749)/n*(-2)/6 a composite number?
False
Let t(b) = 76*b**2 - 7*b + 15. Let o be t(7). Let f = o - 1827. Is (-10)/(-35) + f/21 composite?
False
Let c = -6 + -6. Let d(y) be the third derivative of -5*y**4/12 - 11*y**3/6 + y**2 - 4*y. Is d(c) a composite number?
False
Let f = 4737 - -1534. Is f composite?
False
Suppose -106743 = -5*x + 2*z + 62014, -5*x + 4*z = -168759. Is (-2)/((-56)/12) - x/(-7) a composite number?
True
Is (-286304)/(-32) + (-3 - -1) a composite number?
True
Is -2 - -2 - -5561 - 7 a composite number?
True
Let o = 2063 + -800. Is o prime?
False
Let b(a) = -4*a - 4. Let f be b(9). Let q be (12/(-30))/(1/f). Is (-3)/(-12) + 1900/q composite?
True
Is (2/(-6))/(2612991/(-653247) + 4) a prime number?
False
Let y be (-13)/((-3)/(-3)) + 3. Let i = -7 - y. Suppose 2*p + 0*p + 143 = l, i*p - 728 = -5*l. Is l a prime number?
False
Suppose -40628 - 8035 = -9*z. Is z a prime number?
True
Is -2 - 8779*11/(-11) prime?
False
Let p = 26 + -16. Let k(x) = -x**3 + 10*x**2 + 13*x - 3. Is k(p) a composite number?
False
Let t(q) = q**2 - q - 3. Let y be t(6). Let u(s) = s**3 + 19*s**2 - 6*s - 8. Let m be u(-19). Let a = m + y. Is a composite?
True
Let n = 26 + -26. Suppose n*i = -i. Suppose i*o = 4*o - 724. Is o a prime number?
True
Suppose -7*n = 3*n - 645070. Is n a composite number?
True
Let b(t) = -t - 14. Let k be b(-16). Suppose -2087 = -k*v + 683. Is v a prime number?
False
Let w be (77/(-33))/((-2)/54). Let f be (84/w)/(2/393). Suppose -4*p - f = -5*p. Is p a prime number?
False
Suppose -4*h - 4967 = -16*t + 13*t, -3*t + 3*h + 4962 = 0. Is t composite?
True
Let a be 0/2 - (-3)/(9/12). Suppose a*n + 2*q = 5666 - 302, q + 5376 = 4*n. Is n prime?
False
Let t(k) = -2*k**2 - 2*k - 2. Let l be t(-1). Let v be (-30)/(-10) + (-1330)/l. Suppose d + 3*d = v. Is d prime?
True
Let x(h) = 7*h**2 + 14*h + 16. Suppose 5*t = -p + 10, 4*t + 1 = -2*p - 9. Is x(p) composite?
False
Let x(u) = 471*u**2 + 2*u + 1. Let b be x(1). Suppose 4*k + b = 4*d - 2662, 796 = d + 3*k. Is d composite?
False
Suppose -187 = -4*m + 5*b, 0*m = -5*m - 2*b + 209. Suppose -3*h + 20 = -m. Suppose 2*c = c + h. Is c a composite number?
True
Let z(w) = -121*w - 61. Is z(-8) a prime number?
True
Let z be (48/(-280)*-5)/((-4)/(-14)). Suppose 4*v = 5*u + 5021, -2*u + 4971 = 4*v + z*u. Is v prime?
True
Suppose 4*s - 32008 = -3764. Is s prime?
False
Let m(n) = -n**2 - 16*n - 30. Let i be m(-14). Is 14/7*(-319)/i prime?
False
Suppose 0 = 4*m - 4*w - 193052, -2*m - 36*w + 32*w = -96514. Is m a prime number?
False
Let u = -6 - 0. Is (-39)/u*(4 - -6) prime?
False
Suppose 48646 = 2*x + 15608. Is x prime?
True
Let t(i) = 314*i**2 + 2*i + 2. Let v(b) = 3*b + 8. Let f be v(-3). Is t(f) composite?
True
Suppose -4*a + 12745 + 11211 = 2*t, -5*a - 3*t + 29945 = 0. Is a a composite number?
True
Let o = -1 + 7. Let k be (-2*o)/3 + 0. Is -1 + (-4)/k*554 a composite number?
True
Is (-4861)/((-8 + 3)/5) a composite number?
False
Is (-20854)/(-2) + 9 + -10 + 1 composite?
False
Let d = -1898 + 2793. Is d a prime number?
False
Let a(h) = 88*h**2 - 2*h + 8. Is a(7) composite?
True
Suppose -3*f + 2257 = -j, -f + 6*j - 2*j = -767. Suppose 0 = 3*w - 0*q - 2*q - f, -4*w + 3*q = -1001. Is w a prime number?
True
Let v be (-395 - 4)*(-6)/7. Let q = -119 + v. Is q a composite number?
False
Let a be ((-60)/(-8))/5*2. Suppose 4*p = z + 805, 3*p - 4*p = a. Let w = z - -1184. Is w a prime number?
True
Let i = 1002 + -376. Suppose -j + 116 = 4*v - 389, -5*v - 3*j + i = 0. Is v a prime number?
True
Suppose 9*h + 4128 = 3*h. Let b = 111 - h. Is b a composite number?
True
Let q be (-1404*1)/(-3) - (1 - 0). Suppose -3*n = 4*z - q, n - 6*z = -z + 124. Is n a composite number?
False
Let v = 1709 - -1952. Is v a prime number?
False
Suppose 29*c = -2*z + 24*c + 3705, 4*z - 7440 = -4*c. Is z prime?
False
Let o(r) = 2*r**2 + r - 10. Let q be o(-10). Suppose -4*v + 1140 - q = 0. Suppose -v + 1348 = 4*i. Is i a composite number?
False
Let r(z) = 2*z**2 + 3*z - 4. Let f be r(4). Suppose 170 = 2*b + f. Is b a prime number?
False
Let u(h) = 29*h**3 - 2*h**2 - h + 10. Let p be u(5). Suppose -4*x + p = -0*x. Is x a prime number?
False
Let b(d) = 38*d**2 + 6*d + 53. Is b(-8) a composite number?
False
Is 1/((-2)/(-5875 + 5)) a prime number?
False
Let i be 6*(-2 + 15/6). Suppose 3*f + 5*w - 4 = 0, 0 = i*f + 2*w + 11 - 0. Let m(q) = -2*q**3 - 9*q**2 - 3*q + 3. Is m(f) a composite number?
False
Let n(b) = 2*b**2 + 128*b + 19. Is n(42) a prime number?
True
Let y be 4/(6/(-27)*3). Let z be ((-21)/14)/(y/64). Is (8/z)/(1/422) a prime number?
True
Suppose 99 - 16 = s - 4*r, 314 = 3*s + r. Suppose 250 = d - s. Is d a prime number?
True
Let a be ((-10)/(-7))/((-15)/(-525)). Is 13470/a - (-4)/(-10) a composite number?
False
Let g = -5205 - -10066. Is g a composite number?
False
Let s(k) = 53*k**2 + 11*k - 19. Is s(5) composite?
False
Is 23009 + ((-90)/(-150))/((-1)/10) composite?
False
Let t(y) = 5*y**2 - 14*y + 7. Let b be t(17). Let h = 1771 - b. Is h a composite number?
False
Let c(u) = 5*u**3 - 3*u**2 + 2*u - 1. Let o be c(3). Is o/((2/(-3))/((-10)/3)) prime?
False
Let o(v) = 6*v**3 - v. Let a be o(-1). Is (a + 7)/((-10)/(-575)) a prime number?
False
Suppose 15 = -14*u + 9*u. Let a = 1 - u. Suppose 3*l + a*f - 312 = -f, -548 = -5*l + f. Is l prime?
True
Let h be 15/6*924/3. Suppose -7*j = 126 + h. Let p = -1 - j. Is p composite?
False
Suppose -18954 = -n + 5*m, 3*m - 41 = -38. Is n composite?
False
Is (-5 - 1604/(-16))*20/3 prime?
False
Suppose 66*w - 2930 = 61*w. Let b = w + 1805. Is b a prime number?
False
Suppose -2*i - d = -1301, 0*i - i - 5*d = -646. Let v = i - -188. Is v composite?
False
Suppose 5*n + 4258 = 2*q, 0 = -2*q + 4*n + 4321 - 63. Is q composite?
False
Suppose -629 = -5*o + 2*b + 613, 2*o - 512 = -3*b. Suppose o = -8*p + 10*p. Suppose -k = 4*q - p, 3*k + 2*q = -3*q + 382. Is k prime?
False
Let n be ((-2)/3)/((-2)/48). Suppose 4*r = -n + 164. Is r a composite number?
False
Let s(a) = 1125*a**3 + 3*a**2 - 7*a + 3. Let c(f) = -375*f**3 - f**2 + 2*f - 1. Let q(h) = -7*c(h) - 2*s(h). Is q(1) a composite number?
True
Let r(x) = 170*x - 16. Let l be r(7). Let z = l + -77. Is z composite?
False
Is (3517 - -1)*-4*5/(-40) a prime number?
True
Let j(h) = 2*h - 3*h - 9 - 8 + 4. Let q be j(-15). Suppose -3*w = -q*m + m + 383, -3*w - 6 = 0. Is m prime?
False
Suppose 0 = 3*n - 0 - 6. Suppose n*k - 4*r + 16 = 0, -4*k - 2*r 